et k(c) = c - 1. Let n(l) = 5*k(l) + o(l). Let x = -1 - -5. Let p(i) = -i + 2. Let u be p(x). Determine n(u).
-7
Let h(q) = -q**3 + 4*q**2 - 3*q - 4. Let p be h(3). Let g(v) = -5 + 4 + v**2 + 5*v + 4 + 1. Determine g(p).
0
Let u(w) be the first derivative of -w**4/24 + w**3/2 - w**2 + 3. Let g(f) be the second derivative of u(f). What is g(2)?
1
Let x(b) be the second derivative of 0 - 1/12*b**4 + 5/6*b**3 + 2*b**2 - 2*b. Give x(5).
4
Let q(f) = -13*f - 1. Suppose -4*z + 4*o = 0, -3*o = z - 0 + 4. Determine q(z).
12
Let o(r) = -r - 2 + 5*r - 2*r. Let s be -2 - 2/3*-6. Calculate o(s).
2
Let o = 83 + -81. Let w(q) be the third derivative of -2*q**3 + 1/24*q**4 + 0 + 0*q + o*q**2. Calculate w(0).
-12
Let u(y) = -y - 6. Let d(r) = -r**2 + r - 1. Let f be d(-2). What is u(f)?
1
Let n = -63 - -64. Let v(u) = 1 - 6*u**3 - 3*u**3 + 2*u**3. What is v(n)?
-6
Let s(k) = 6*k + 9 - 6 - 3. Give s(2).
12
Suppose 2*m = d, -3*d = -0*m + 4*m + 10. Let s(p) = p. Let a(y) = 3*y + 1. Let j(q) = -a(q) + 4*s(q). What is j(m)?
-2
Suppose -5*i + 3*q = -7, -1 = -4*q + 3. Let g(n) = 1 - 3*n - 62*n**2 - 2 + 61*n**i. What is g(-2)?
1
Let x(a) = -a**3 - 4*a**2 + 2*a**3 + 0*a**2 - 3*a + 6. Suppose 0 = 5*h + d - 16 - 3, 2*d = 2*h - 10. Determine x(h).
-6
Let v(h) = -17*h**2 + 1. Let z = 18 - 19. Determine v(z).
-16
Let l(g) = 3 + 4*g - g**2 + 6*g**2 - 1 + 4*g**3 - 3*g**3. Calculate l(-3).
8
Suppose -2*t = -5*d - 3*t + 7, -t = 3*d - 5. Let v(r) = 6*r**2 + r - 1. Let p(h) = -h**2 - h - 1. Let z(l) = d*v(l) + 5*p(l). Calculate z(5).
-1
Let k(a) = -1 + a + 2*a**3 - 3*a + a**3. Suppose -3*i = 6*h - h + 13, 5 = -i - 2*h. Calculate k(i).
-2
Let u(p) = -13*p**3 - 3*p**2 - 13*p + 9. Let b(g) = -7*g**3 - 2*g**2 - 7*g + 5. Let j(x) = -11*b(x) + 6*u(x). Let s = 6 + -3. Calculate j(s).
5
Suppose -6 = -2*u + 3*u. Let i be (20/15)/(4/u). Let k(y) = -5 - 4*y + y**3 + 3 - 1. What is k(i)?
-3
Let g(y) = y. Let t = 9 + -38. Let j = 40 + t. Let q be (j - -1)/(-3) - -2. Give g(q).
-2
Let m(d) be the second derivative of -d**5/20 + d**4/6 - d**3/3 + 6*d. Calculate m(3).
-15
Suppose d = 8 - 4. Let q(r) = -r - 1. Let h(o) = -7*o - 1. Let i(x) = h(x) - 5*q(x). Let u(a) = -6*a + 12. Let y(v) = 8*i(v) - 3*u(v). Determine y(d).
4
Let n(d) = 11*d - 4*d - 3*d**2 - 6*d + 1. What is n(2)?
-9
Suppose -v + 31 = -4. Let q be 2/(-8) + v/(-20). Let a(o) be the first derivative of o**3/3 - 3*o**2/2 - o - 1. What is a(q)?
9
Let u(v) = 4*v**2 + v + 17. Let g(w) = w**2. Let a(q) = 2*g(q) - u(q). Let m(b) = -b**2 - 8. Let k(z) = -6*a(z) + 13*m(z). Suppose 12 = -4*d + 32. Give k(d).
3
Let i = 11 - 6. Suppose 15 - 40 = -i*n. Let t(j) = j**2 - 3*j + 1. Determine t(n).
11
Suppose 0 = -4*u + 4*q - 12, 2*q + 2*q = 12. Let t(c) = c - 3 + 6 - 10. Calculate t(u).
-7
Let u(x) = 5*x + 1. Let d(k) = -k**2 + 7*k + 6. Let y be d(6). Let r be y/18 - (-2)/(-3). Suppose 4*i + a = -r + 9, 3*i + 4*a = 10. Determine u(i).
11
Let u(m) = -2*m**3 - 3 + 3*m + 3*m**3 - 5*m**2 + 0*m**3. Let g be ((-12)/10)/(4/(-10)). Suppose 2*q + g*t - 4 = -t, 0 = q + 3*t - 1. Calculate u(q).
-7
Let m(x) = 0*x**2 - x**2 + 233*x + 1 - 238*x. Calculate m(-6).
-5
Let y(i) = -i**2 + i + 3. Let s be y(3). Let c = s + 0. Let n(m) = m**3 + 5*m**2 + 5*m + 2. What is n(c)?
5
Let m(t) = -3*t**2 + 27*t - 32. Let i(f) = f**2 - 9*f + 11. Let d(q) = 17*i(q) + 6*m(q). What is d(4)?
15
Let z(g) = 3*g - 8. Let x(b) = 3*b - 9. Let y(m) = -5*x(m) + 6*z(m). Let p be 8/(-12)*(-9)/2. Suppose -i - 6 = -p*i. Determine y(i).
6
Let t(k) be the first derivative of 3*k**2/2 + 9*k + 2. Calculate t(-6).
-9
Suppose -4*b + 6 = -14. Let l(k) = k + 5 - b. What is l(0)?
0
Suppose 4*u - 1 = 35. Let w be 2/u + (-305)/(-45). Let h(o) = -o**2 + 5*o + 8. What is h(w)?
-6
Let r(h) = -h**3 + 4*h**2 + h + 1. Let p(w) = w**2 + 2*w - 5. Suppose 4*b - 3 = -23. Let o be p(b). Let j = o - 6. Determine r(j).
5
Let g(d) be the second derivative of 5/2*d**2 - 1/12*d**4 + 0 + 1/6*d**3 + 2*d. Suppose -t = -5*t. Determine g(t).
5
Let v(p) be the third derivative of -5*p**4/24 - p**3/6 + 7*p**2. What is v(2)?
-11
Let o(k) = -2*k**2 + 7*k - 8. Let y(h) = h**2 - h + 1. Let z(d) = o(d) + 5*y(d). What is z(-3)?
18
Suppose -18 - 17 = -5*y - 3*n, -2*y - 3*n = -14. Let a(u) = 7*u - 9. Let r(q) = 10*q - 14. Let c(j) = -7*a(j) + 5*r(j). Determine c(y).
0
Let f(h) be the third derivative of h**6/30 + h**5/60 + 2*h**2. Let v be f(1). Let q(n) = n**2 - 7*n + 5. What is q(v)?
-5
Suppose 0 = x + 3*x - 16. Let q(j) = -x + 0 + 4 - 2*j. Determine q(-3).
6
Let v(q) = -3*q + 1. Let s(d) = -3*d**2 + 7*d + 9. Let h(m) = -4*m**2 + 7*m + 9. Let o(l) = -4*h(l) + 5*s(l). Let u be o(-6). What is v(u)?
-8
Suppose 0*r + 40 = 4*r. Suppose -2*h + 6 = -4*j, r = h + 2*j + 3*j. Let l(t) = t**3 - 4*t**2 - 4*t - 2. Determine l(h).
3
Suppose 0 = x - 6*x - 10. Let s(m) = -2*m**3 - 2*m**2 + 0*m**3 - 3 - 2*m**2 + m**3 - 4*m. Give s(x).
-3
Suppose 0 = -3*p - 0 + 3. Let f(w) be the second derivative of -w**5/4 + w**2/2 - w. Give f(p).
-4
Let u(w) = w**2 + 1. Let g(i) = i**2 + 7*i - 4. Let t(l) = -g(l) + 2*u(l). Let z = 10 + -6. Give t(z).
-6
Let s(c) = -7*c**3 + 5 + 2*c + 4*c**2 + 0*c + 8*c**3. What is s(-4)?
-3
Suppose -3*o + h = -0*h - 17, 17 = -2*o - 5*h. Let g(w) = w + 0*w - w**2 + 3*w - o + 2*w. Determine g(6).
-4
Let p(b) = b - 2. Let t be p(3). Let c(s) be the second derivative of s**4/12 - s**3/6 - s**2/2 + 4*s. Give c(t).
-1
Suppose -2*s = -5*s - 84. Let a be 16/s - 3/7. Let c(i) = 0*i - i - 4*i. Calculate c(a).
5
Let c(w) = -3*w**3 + 49*w - 50*w + 2*w**3. Let p be 2/2*(-6)/(-6). Calculate c(p).
-2
Suppose 5*j = -2*t + 2 - 6, -4*t - 8 = -2*j. Let y(r) be the second derivative of r**2/2 + 3*r. Let q(b) = -3*b + 4. Let k(o) = -q(o) + 4*y(o). What is k(t)?
-6
Let j(w) be the first derivative of w**3/3 + w**2 + 3*w - 9. Let p(y) = 2*y + 1. Let s be p(3). Let c = 4 - s. What is j(c)?
6
Let m(v) = -v**2 - 19. Let k = -101 + 101. Give m(k).
-19
Let k(l) = l**2 - 2*l + 4. Suppose 9*m - 36 = -9. Give k(m).
7
Let y(z) = 4 - 2 + 9 + 2*z - 4. Give y(-6).
-5
Let z(m) = -7*m + 5. Let y = 9 - -2. Let s(w) = -13*w + 9. Let p(g) = y*z(g) - 6*s(g). Suppose -5*b - 25 = 5*l, 0 = l + 5*b + 9 + 8. Calculate p(l).
-1
Let m(o) = 3*o**2 - o - 1. Let k be m(-1). Suppose -d + k*l + 14 = 0, -2*d = -4*d - 4*l - 22. Let h(w) = 0*w - 6*w**2 - 2*w + w. Give h(d).
-5
Let o = -39 - -43. Let f(v) be the third derivative of -v**5/60 + v**4/24 + 5*v**3/6 - v**2. Calculate f(o).
-7
Let a(n) = -n + 2*n + 0*n + 4. Let q(f) = -f + 3. Let y be q(-3). Let c = 1 - y. Determine a(c).
-1
Let i(j) = -5*j**2 + 2*j + 1. Let b(d) = 2*d - 7. Let g be b(3). Determine i(g).
-6
Let c(s) = 2*s**3 + 3*s. Let a(o) = 3*o**3 - o**2 + 6*o + 1. Let z(n) = 3*a(n) - 5*c(n). Let x be 4/2*(-6)/3. Determine z(x).
7
Let k be (-1 + 3)*2/(-4). Let l be 3 + k + -1*8. Let y(q) = 2*q + 4. What is y(l)?
-8
Let b(j) = -j**3 + j**2 + j + 3. Let y be b(0). Suppose -5*p + y + 2 = 0. Let x(f) = -5*f**3 + 2*f**2 - 1. Determine x(p).
-4
Let q = 27 + -18. Let x be (-30)/(-9)*q/(-6). Let f(j) = j**2 + 3*j - 7. What is f(x)?
3
Let a(r) = -r + 4. Suppose 0 = 5*l - l. Let b be a(l). Let c(x) = -5*x + b*x - 6 + x**2 - 2*x. Give c(5).
4
Let k(f) = -12*f**3 + f**2 + f - 5. Let d(z) = z**3 - 1. Let n(w) = -4*d(w) + k(w). What is n(1)?
-15
Let w(g) = -g. Suppose 0 = 2*h - 3*y - 1, 9 = 5*h - 0*y - y. Let f(r) = 4*r**h - 7*r - r**2 + 0*r - 1. Let n(l) = -f(l) + 5*w(l). Determine n(-1).
-4
Let z(b) = b**2 + 6*b - 7. Let n be z(-7). Let a be n*1/(-3) + 2. Let j(l) be the second derivative of l**3/6 - 2*l**2 + l. What is j(a)?
-2
Let j(h) be the third derivative of -h**5/60 + 3*h**4/8 - h**3 + 15*h**2. What is j(9)?
-6
Let t(y) = -3*y**3 + y**2 + y. Suppose -4*r = -5*r + 2. Suppose w + 2 = r*w. Suppose x - 1 = -w. Calculate t(x).
3
Let a(l) be the second derivative of l**6/120 + l**5/12 - l**4/24 - l**3 - 5*l**2/2 - 2*l. Let i(t) be the first derivative of a(t). Give i(-5).
-1
Let w(j) = 2*j - 5. Let b = 8 - 5. Suppose -b*o + 3*r + 6 + 0 = 0, 2*r + 16 = 5*o. Give w(o).
3
Let a(k) = -3*k**2 + 17*k + 4. Let i(j) = -j**2 + 8*j + 2. Let z(x) = 2*a(x) - 5*i(x). What is z(-4)?
6
Suppose 5*o = -i + 17, -3*i = o - 5*i + 1. Let c(h) = 2 + 60*h**2 - 28*h**2 - 31*h**2 - h**3 + h. What is c(o)?
-13
Suppose 2*d = 4 + 2. Let k be 2/d - 40/(-3).